at are the prime factors of 2749?
2749
What are the prime factors of 320?
2, 5
List the prime factors of 4555.
5, 911
List the prime factors of 15124.
2, 19, 199
List the prime factors of 19142.
2, 17, 563
List the prime factors of 629.
17, 37
What are the prime factors of 1846?
2, 13, 71
List the prime factors of 8457.
3, 2819
List the prime factors of 120766.
2, 60383
What are the prime factors of 22851?
3, 2539
What are the prime factors of 31559?
11, 19, 151
List the prime factors of 5.
5
What are the prime factors of 2118?
2, 3, 353
List the prime factors of 556.
2, 139
What are the prime factors of 1477?
7, 211
List the prime factors of 94.
2, 47
What are the prime factors of 55055?
5, 7, 11, 13
What are the prime factors of 271?
271
List the prime factors of 397.
397
What are the prime factors of 74822?
2, 11, 19, 179
What are the prime factors of 2357?
2357
List the prime factors of 421.
421
What are the prime factors of 1749?
3, 11, 53
What are the prime factors of 2205?
3, 5, 7
List the prime factors of 1103.
1103
What are the prime factors of 5839?
5839
What are the prime factors of 44862?
2, 3, 7477
List the prime factors of 1271.
31, 41
What are the prime factors of 289?
17
List the prime factors of 67625.
5, 541
List the prime factors of 79286.
2, 29, 1367
What are the prime factors of 836?
2, 11, 19
What are the prime factors of 1071?
3, 7, 17
What are the prime factors of 113345?
5, 22669
List the prime factors of 135543.
3, 45181
What are the prime factors of 1296?
2, 3
What are the prime factors of 758?
2, 379
List the prime factors of 8349.
3, 11, 23
What are the prime factors of 2043?
3, 227
List the prime factors of 161.
7, 23
What are the prime factors of 5348?
2, 7, 191
List the prime factors of 967.
967
List the prime factors of 2966.
2, 1483
What are the prime factors of 898?
2, 449
List the prime factors of 718.
2, 359
What are the prime factors of 34244?
2, 7, 1223
What are the prime factors of 14800?
2, 5, 37
What are the prime factors of 1107?
3, 41
What are the prime factors of 4957?
4957
What are the prime factors of 9825?
3, 5, 131
List the prime factors of 5489.
11, 499
List the prime factors of 2719.
2719
List the prime factors of 4116.
2, 3, 7
What are the prime factors of 1363?
29, 47
What are the prime factors of 417?
3, 139
What are the prime factors of 17968?
2, 1123
List the prime factors of 1285.
5, 257
What are the prime factors of 149?
149
What are the prime factors of 1102?
2, 19, 29
List the prime factors of 4168.
2, 521
List the prime factors of 11542.
2, 29, 199
List the prime factors of 33630.
2, 3, 5, 19, 59
List the prime factors of 21438.
2, 3, 397
What are the prime factors of 52758?
2, 3, 977
What are the prime factors of 819?
3, 7, 13
List the prime factors of 159341.
7, 13, 17, 103
What are the prime factors of 1926?
2, 3, 107
List the prime factors of 2536.
2, 317
What are the prime factors of 1371?
3, 457
List the prime factors of 22855.
5, 7, 653
List the prime factors of 84986.
2, 11, 3863
What are the prime factors of 2212?
2, 7, 79
List the prime factors of 250.
2, 5
What are the prime factors of 2538?
2, 3, 47
List the prime factors of 2469.
3, 823
List the prime factors of 8001.
3, 7, 127
List the prime factors of 14364.
2, 3, 7, 19
What are the prime factors of 149044?
2, 7, 5323
List the prime factors of 39923.
13, 37, 83
What are the prime factors of 3077?
17, 181
What are the prime factors of 133075?
5, 5323
What are the prime factors of 890?
2, 5, 89
What are the prime factors of 4917?
3, 11, 149
List the prime factors of 5600.
2, 5, 7
What are the prime factors of 2595?
3, 5, 173
What are the prime factors of 1033?
1033
List the prime factors of 11870.
2, 5, 1187
List the prime factors of 4052.
2, 1013
List the prime factors of 37882.
2, 13, 31, 47
List the prime factors of 19666.
2, 9833
What are the prime factors of 1306?
2, 653
List the prime factors of 2033.
19, 107
List the prime factors of 728.
2, 7, 13
What are the prime factors of 15283?
17, 29, 31
List the prime factors of 6063.
3, 43, 47
What are the prime factors of 2496?
2, 3, 13
List the prime factors of 4509.
3, 167
What are the prime factors of 3050?
2, 5, 61
List the prime factors of 21590.
2, 5, 17, 127
What are the prime factors of 997?
997
List the prime factors of 42383.
11, 3853
List the prime factors of 815.
5, 163
List the prime factors of 9938.
2, 4969
List the prime factors of 2950.
2, 5, 59
What are the prime factors of 15861?
3, 17, 311
List the prime factors of 1279.
1279
List the prime factors of 110774.
2, 97, 571
What are the prime factors of 1183?
7, 13
What are the prime factors of 73?
73
What are the prime factors of 38313?
3, 11, 43
What are the prime factors of 419?
419
List the prime factors of 955.
5, 191
What are the prime factors of 3147?
3, 1049
List the prime factors of 10935.
3, 5
What are the prime factors of 43663?
47, 929
What are the prime factors of 18166?
2, 31, 293
What are the prime factors of 25554?
2, 3, 4259
List the prime factors of 5034.
2, 3, 839
What are the prime factors of 779?
19, 41
What are the prime factors of 2519?
11, 229
List the prime factors of 62486.
2, 157, 199
What are the prime factors of 655?
5, 131
List the prime factors of 61839.
3, 6871
List the prime factors of 25740.
2, 3, 5, 11, 13
What are the prime factors of 25660?
2, 5, 1283
What are the prime factors of 8958?
2, 3, 1493
What are the prime factors of 849?
3, 283
List the prime factors of 51779.
7, 13, 569
What are the prime factors of 80595?
3, 5, 199
What are the prime factors of 77329?
7, 11047
What are the prime factors of 33412?
2, 8353
What are the prime factors of 2459?
2459
List the prime factors of 2918.
2, 1459
List the prime factors of 3093.
3, 1031
What are the prime factors of 67083?
3, 59, 379
List the prime factors of 8676.
2, 3, 241
What are the prime factors of 3717?
3, 7, 59
List the prime factors of 1130.
2, 5, 113
List the prime factors of 194.
2, 97
What are the prime factors of 687?
3, 229
List the prime factors of 172490.
2, 5, 47, 367
What are the prime factors of 1725?
3, 5, 23
What are the prime factors of 27464?
2, 3433
What are the prime factors of 8740?
2, 5, 19, 23
List the prime factors of 4936.
2, 617
What are the prime factors of 800?
2, 5
What are the prime factors of 1380?
2, 3, 5, 23
List the prime factors of 2268.
2, 3, 7
List the prime factors of 858.
2, 3, 11, 13
List the prime factors of 843.
3, 281
What are the prime factors of 225?
3, 5
What are the prime factors of 1050?
2, 3, 5, 7
What are the prime factors of 632?
2, 79
What are the prime factors of 1055?
5, 211
What are the prime factors of 10213?
7, 1459
What are the prime factors of 39254?
2, 19, 1033
What are the prime factors of 2867?
47, 61
List the prime factors of 1936.
2, 11
What are the prime factors of 120?
2, 3, 5
List the prime factors of 760.
2, 5, 19
List the prime factors of 7666.
2, 3833
List the prime factors of 1091.
1091
What are the prime factors of 1343?
17, 79
List the prime factors of 1179.
3, 131
What are the prime factors of 362?
2, 181
What are the prime factors of 9065?
5, 7, 37
What are the prime factors of 122777?
122777
What are the prime factors of 21337?
19, 1123
What are the prime factors of 562?
2, 281
List the prime factors of 203.
7, 29
What are the prime factors of 1875?
3, 5
What are the prime factors of 3958?
2, 1979
List the prime factors of 65728.
2, 13, 79
List the prime factors of 21.
3, 7
What are the prime factors of 360?
2, 3, 5
List the prime factors of 9203.
9203
What are the prime factors of 30384?
2, 3, 211
What are the prime factors of 2019?
3, 673
What are the prime factors of 66780?
2, 3, 5, 7, 53
List the prime factors of 1916.
2, 479
What are the prime factors of 47291?
19, 131
What are the prime factors of 10187?
61, 167
What are the prime factors of 1797?
3, 599
List the prime factors of 165564.
2, 3, 7, 73
List the prime factors of 21255.
3, 5, 13, 109
What are the prime factors of 43326?
2, 3, 29, 83
What are the prime factors of 1120?
2, 5, 7
What are the prime factors of 33605?
5, 11, 13, 47
List the prime factors of 1506.
2, 3, 251
List the prime factors of 8226.
2, 3, 457
List the prime factors of 14029.
14029
What are the prime fac